11) + -18 + 11
2
Evaluate -1 + -1 + -2 + -1.
-5
What is 1 + (1 - 6) + 0 + 1?
-3
What is 1 - (1 + (-3 - -6 - 3))?
0
Evaluate (-20 - -17) + (-6 - -1) + -1.
-9
Calculate 7 + -1 - (7 + -13 - -5).
7
(8 - 8) + -1 + 1
0
Calculate -3 - (-2 - (2 + -2)).
-1
Calculate 14 - (3 - (0 - 1)).
10
What is the value of -9 - (-9 - -2) - -6?
4
Calculate -7 - (-11 + 4 + -4).
4
-2 + (3 - (-3 + 2))
2
Evaluate 8 + (7 + -5 - 7) - 3.
0
(0 - 4) + 4 + (3 - -1)
4
What is the value of 8 - 9 - (2 - 0 - -2)?
-5
(4 - (10 + 1)) + 16 + -6
3
What is the value of (-9 - -1) + (12 - 1)?
3
What is -2 + -3 - (-2 - 1)?
-2
What is 1 + 1 + (-5 - -1) + 7?
5
3 - 7 - (0 - 3) - 4
-5
Calculate 1 + -3 - (-4 - -4).
-2
-1 - (0 + -2 - 1)
2
What is 13 - (9 + -14 + 9)?
9
Calculate (-6 - (4 + -8)) + 7.
5
-4 + -2 - (5 + -8)
-3
What is the value of (4 - (27 + -18)) + 10 + 1?
6
What is -4 + -2 + 6 + -1?
-1
What is the value of -2 + -2 + (14 + -19 - -15)?
6
What is the value of 4 + -1 + -4 - 1?
-2
What is the value of 14 + -9 + (10 - 5) + -3?
7
What is the value of (4 - (2 - 0)) + -1?
1
Calculate -2 + 2 + (1 - -2 - 3).
0
What is 10 + -4 + -12 - -8?
2
(-12 - -16) + (-4 + 2 - 1)
1
Evaluate (8 - (7 + -4)) + (-3 - 4).
-2
Calculate (-8 - 1) + 8 + 2 + -5.
-4
What is (7 - 0) + (12 - 19)?
0
Calculate 3 - -8 - (7 - 0).
4
-9 + 2 + 5 - (3 + 0)
-5
What is (6 - 4) + -1 + (-11 - -1)?
-9
Evaluate -6 + 9 - -1 - 1.
3
What is the value of (-3 + 3 - -5) + -8?
-3
(-3 - -6) + -3 + 0
0
Calculate 3 + 6 + (-9 - 2).
-2
What is the value of -2 + (8 - 4) + -6 - -1?
-3
Evaluate -1 + 2 - (-1 - -5).
-3
Evaluate (1 - (3 - 1)) + (57 - 56).
0
-10 + (4 - 5) + 5
-6
3 - 3 - -4 - 2 - 1
1
Evaluate -12 + 8 - (-3 + 3).
-4
Evaluate 0 - (7 + -2 + -9 - -3).
1
125 + -142 + (8 - -1)
-8
Calculate 4 + 4 - (4 + 9 + -4).
-1
What is (21 - 27) + 17 + -5 + 2?
8
5 - (3 - (5 + -3))
4
What is the value of (-2 - (3 + (7 - 7))) + 14?
9
What is (4 - (6 - 3)) + 1?
2
4 + -3 + 4 + (-1 - 3)
1
What is 2 + (-1 - -2) - 2?
1
Evaluate 3 + (-19 - -8 - (-3 - 0)).
-5
Calculate 44 + -42 - (0 - 5).
7
Evaluate -3 + -3 + (5 + 2 - 0).
1
Calculate (7 - (3 + -3 - -1)) + 0.
6
Evaluate (0 - 1) + (6 - (8 + 0)).
-3
Evaluate (0 + 3 - -4) + (27 - 36).
-2
Calculate 2 + 0 + 0 - (-5 + 12).
-5
What is 4 + (-3 - -5 - 4 - 0)?
2
What is the value of -2 + 1 - (1 - 5) - 5?
-2
7 - (4 + -1) - 12
-8
Evaluate 0 - (0 + 2 + (-2 - 1)).
1
0 - 16 - (-181 - -173)
-8
Evaluate -8 - -3 - -2 - (1 + -1).
-3
What is 2 + (-4 - (0 + 5 + -2))?
-5
What is (57 - 58) + -1 + -1 - 4?
-7
What is (13 - 9) + -3 + -2?
-1
Calculate -5 + 1 + 2 + 0 - -2.
0
(18 + -6 - 6) + -7 - 0
-1
What is (0 - (-2 - (-2 - 4))) + 4?
0
2 + (-3 + 1 - (-13 - -11))
2
What is the value of 1 - -5 - (-1 - -2)?
5
What is the value of -45 + 56 + -5 + -1?
5
1 + 4 + 6 + -14 - -1
-2
What is -8 - (-9 + 0 + 0)?
1
What is 2 - (1 + 2 - (3 + 0))?
2
What is the value of -13 - (-3 + (-1 - 4))?
-5
Calculate -5 + 1 - (-8 + (-4 - -5)).
3
What is the value of -1 + -5 + -2 - (-23 - -21)?
-6
(9 - (7 + -4)) + -4
2
24 - 25 - (1 - -3)
-5
Calculate (-10 - -5 - 2) + -1.
-8
What is -4 - (0 + 0 + -2) - 1?
-3
What is the value of 0 + -5 + (77 - 73)?
-1
(4 - 1) + -5 + -1
-3
6 + 0 + -7 - (-7 - -11)
-5
Calculate -8 - -1 - (-54 + 51).
-4
Calculate (19 - 28) + 0 + 0 + 5.
-4
Evaluate -9 - (7 + -6 - 3).
-7
What is -8 - (0 + (-5 - 0) - 0)?
-3
Evaluate (7 + -16 - -14) + -4.
1
Calculate (0 - (4 - 1)) + -1.
-4
(9 - 0) + (37 - 42)
4
Calculate 0 + -5 + 2 + 2.
-1
What is -1 + -1 - (1 + -6)?
3
What is -3 + 7 + (-2 - 2)?
0
What is the value of -11 + (-3 - -1) + 6 + 1?
-6
Evaluate -5 - (8 - (9 - -2)).
-2
Evaluate -1 - (-5 - -10 - 6).
0
Calculate (4 - 0 - 5) + -3.
-4
What is the value of 3 - 1 - 8 - (22 + -32)?
4
0 - (-1 + 3 + -2)
0
Evaluate 2 - (-3 + -1 + 6).
0
(101 - 94) + 2 + (1 - 14)
-4
What is the value of (10 + -5 + 0 - 4) + 3?
4
Evaluate (13 - 14 - 1) + -2 + -3.
-7
What is the value of 1 + (-9 + 4 - -4)?
0
Calculate (4 - 0) + -3 + 1.
2
Evaluate -1 + 1 + (-1 - 3).
-4
What is the value of -1 + 5 + -3 + -4?
-3
Calculate 37 + -27 - (2 - (0 + 1)).
9
(15 - 9 - 4) + -3
-1
(-6 - 2 - -4) + 0
-4
Calculate 13 + 20 + -46 - (0 - 5).
-8
Calculate 5 + 1 - (-5 + 5).
6
What is 0 - ((-1 - 1) + 1 - -4)?
-3
What is the value of (-2 - (-1 + 0)) + (3 - 6)?
-4
Evaluate -4 - (-9 - (6 + -11) - 7).
7
Evaluate -7 - (-12 + 5 + -5) - 0.
5
What is the value of -3 + (0 - (-2 + 0))?
-1
4 - 0 - (-27 + 31)
0
What is -1 - (-3 + 4 + -3)?
1
(9 - 11 - (-1 - -2)) + -1
-4
What is the value of -4 + (9 - (24 - 11))?
-8
Evaluate -2 + (3 - 6 - 0).
-5
Calculate 0 + (0 - 5) + 8 + 0.
3
What is the value of 0 - (-4 + -3 + (0 - -4))?
3
What is the value of -1 - 2 - (2 - (8 - 4))?
-1
-2 + 8 + 2 + -6
2
Calculate 6 + -14 + -1 + (0 - -5).
-4
What is -12 + -1 - (7 - 13)?
-7
What is (6 - (16 + -8)) + 5?
3
Evaluate -5 + (2 - -1) - (-12 + 4).
6
-3 + (4 + -2 - -6)
5
What is (-1 - -2) + 1 + 3 - 8?
-3
Evaluate 2 + (8 - 4 - 5).
1
Calculate -1 + 4 + -7 + 6.
2
What is the value of -6 + 10 - (9 - 4)?
-1
Evaluate -8 + (2 + 5 - 0).
-1
-10 + 5 + (10 - -2)
7
-3 + (-3 - (-2 - -2 - 3))
-3
Calculate (0 - -2) + (5 - 8).
-1
What is the value of 2 - 5 - 1 - -2?
-2
What is -5 + (-6 - -7) + 0 + -1?
-5
What is 7 + (-3 - -3) - (26 - 10)?
-9
What is the value of -7 + 1 - ((0 - 2) + 0)?
-4
What is the value of (-3 - 0) + (11 - 14) - -4?
-2
6 + 0 + (-11 - 0)
-5
Calculate 2 - (5 + -10 - -2).
5
What is 1 + 4 - 5 - (-2 - -8)?
-6
What is the value of -7 - 5 - (-9 - -2) - 1?
-6
Evaluate -6 + 5 + (0 - -4).
3
What is 10 - (-5 - (6 + -16))?
5
6 + (-1 + (17 - 9) - 8)
5
What is 1 - (1 - (2 - 5))?
-3
Calculate (-8 - (-1 + -5)) + 3.
1
Calculate 2 + 2 - ((-5 - -2) + 7).
0
What is the value of (-3 - 2 - -5) + -2 + 6?
4
What is 5 + (0 - (-4 + 4 + 5))?
0
3 + -4 + -7 - -8
0
Calculate -2 - (-1 - -1) - -1.
-1
What is the value of (0 - 0) + -5 + 7?
2
Calculate -1 + -2 + (7 - 4).
0
Calculate 5 + (-13 - (5 + -9)).
-4
-1 + 0 - 1 - (-14 + 19)
-7
2 + -3 + 2 + 2 + 0
3
What is the value of -1 - 2 - (26 - 31) - 5?
-3
(1 - 0 - 8) + 0
-7
Calculate (6 - 12) + 12 - (4 + -4).
6
What is -4 + ((-4 - 0) + 4 - -5)?
1
What is the value of -102 + 98 + (4 + -1 - 1)?
-2
Calculate -5 - (-1 + -3 + 1 + 3).
-5
What is 5 + (-17 - -8) + 9?
5
Calculate 0 - (1 + -6 + 5).
0
What is -5 + 1 - (-5 + 6 + 0)?
-5
Evaluate -10 + 17 + (-4 - -1) - 4.
0
15 + -11 + (4 + -14 - -2)
-4
Calculate 3 + 5 + -9 + 1.
0
Evaluate 11 + -10 + 0 + -6 + 1.
-4
Calculate (2 - -8) + -16 + 7.
1
What is the value of 7 + (0 - (13 - 4))?
-2
Evaluate 8 + -15 + (-7 - -14).
0
-3 + (0 - 2 - -2) - -1
-2
What is (-9 - -11) + (0 - -3)?
5
Evaluate 2 + (-1 - 2) + -8 + 6.
-3
Calculate 10 + -1 - (-1 + 3 - -3).
4
Evaluate 0 + 6 + -4 - 2 - 7.
-7
(6 - (-19 + 22)) + 2 + -1
4
1 - 3 - (-3 + -3 + 0)
4
What is the value of 10 - (-5 + 10) - 18 - -6?
-7
Evaluate (2 - (12 - 14)) + -1.
3
Evaluate -4 + 11 - (0 - -10).
-3
What is the value of (-3 - (0 - 1 - 4)) + 2?
4
Evaluate 0 + -5 + -4 + 5.
-4
Evaluate -80 + 76 - (1 - (1 + -1)).
-5
What is the value of -13 - (-2 + (-6 - 3))?
-2
Calculate 81 + -73 + -5 + -1.
2
What is the value of -5 + (-1 - (0 - -2)) + 3?
-5
What is 15 + -17 - (0 + 1)?
-3
-3 - (-4 - (2 - 4))
-1
What is the value of (0 - 4) + (-14 - (-11 - 12))?
5
Evaluate 2 + 9 + -21 + 1 + 3.
-6
What is 3 - -1 - (13 - 18 - -3)?
6
What is -20 + (10 - -2) - -12?
4
What is (31 - 12) + -11 + -15?
-7
Calculate -32 + 31 - ((1 - 1) + -2).
1
Calculate (0 - (5 + -7)) + -7.
-5
What is -7 - -5 - (-3 + 1)?
0
What is 8 + -6 + 0 + -6?
-4
What is the value of (1 - 0) + (33 - 22) + -15?
-3
Calculate 2 - (5 - (-5 + 3)).
-5
What is (0 - 4) + 3 + 1 + 2?
2
What is the value of -1 - 6 - (-3 + -9 + 14)?
-9
What is the value of -15 + -2 + 5 - -11?
-1
What is the value of (7 - (-2 - -8)) + (1 - -1)?
3
(0 + -7 - -16) + -8
1
Evaluate 3 + 3 + (-7 - 4).
-5
-8 + 10 - (-2 + 3 + -1)
2
330 + -309 - (0 - -12)
9
What is 2 + 10 + -9 + (-2 - -2)?
3
What is 0 - (-2 - 0 - -2)?
0
-3 + (7 + -8 - (-1 + -7))
4
What is the value of -3 + -2 + -4 - -4?
-5
Evaluate -2 - 0 - 0 - (-97 - -98).
-3
Evaluate 4 + (-6 + 5 - -1).
4
What is -10 + 3 + 8 + -1?
0
Evaluate -2 - (-6 + -2 + 3).
3
What is (2 - 1) + (7 - 3)?
5
Evaluate -4 - (-7 + 9 + -5).
-1
Calculate 1 + (-2 - -1) + 5.
5
Evaluate (-22 - -9) + 8 - -1.
-4
Evaluate (3 - ((0 - 0) + 0)) + 2.
5
Evaluate -4 - (1 - 1 - (3 - 1)).
-2
1 + 0 + 9 + -24 + 22
8
-4 + (16 